ommon divisor of 52262 and 9814?
14
What is the greatest common factor of 6136682 and 93784?
1234
What is the greatest common factor of 42849 and 3678?
3
Calculate the greatest common divisor of 74101867 and 1078.
49
Calculate the greatest common divisor of 92 and 3321144892.
92
Calculate the highest common factor of 92 and 959601998.
46
Calculate the highest common divisor of 90968160 and 3840.
480
What is the highest common factor of 3473542 and 170?
34
Calculate the greatest common factor of 2249560 and 17320.
40
Calculate the highest common factor of 52197 and 43815.
381
Calculate the highest common factor of 19442 and 6884.
2
What is the greatest common divisor of 39 and 34452951?
39
What is the greatest common divisor of 15270976 and 120862?
1246
Calculate the highest common factor of 306691509 and 51.
51
What is the greatest common divisor of 255599 and 65159?
23
What is the highest common factor of 45074220 and 120?
60
What is the greatest common divisor of 10411449 and 285?
57
What is the greatest common factor of 1747309 and 557?
557
What is the highest common factor of 346525 and 65?
5
What is the highest common factor of 10523856 and 504?
168
Calculate the highest common factor of 22 and 56450867.
11
Calculate the greatest common factor of 40922 and 734524.
518
Calculate the greatest common factor of 2123 and 10615.
2123
What is the greatest common divisor of 4557 and 665973?
651
What is the greatest common factor of 82790 and 5053112?
974
Calculate the greatest common factor of 96 and 921925968.
48
What is the highest common factor of 6375 and 16043250?
375
Calculate the highest common factor of 3496426 and 3663.
37
Calculate the greatest common factor of 303885 and 7830.
135
What is the highest common divisor of 1584 and 89078?
22
Calculate the highest common factor of 17575031 and 1783.
1783
What is the greatest common factor of 642135 and 8333?
13
Calculate the highest common factor of 6303 and 159456.
33
Calculate the greatest common factor of 16408 and 23517352.
2344
What is the highest common factor of 3154 and 4046582?
3154
Calculate the greatest common factor of 41745 and 86889.
33
What is the highest common factor of 131862252 and 1821?
1821
Calculate the highest common divisor of 42578 and 541924.
122
What is the highest common divisor of 220 and 531510210?
110
Calculate the highest common divisor of 114 and 575839650.
114
What is the highest common factor of 22533 and 1271949?
777
What is the greatest common divisor of 4158 and 13511498?
154
Calculate the greatest common divisor of 15158 and 9737849.
583
What is the highest common divisor of 8804628 and 2842?
14
Calculate the greatest common factor of 5490 and 2555235.
45
Calculate the greatest common factor of 66485225 and 2225.
2225
Calculate the greatest common factor of 228 and 182517458.
38
Calculate the greatest common factor of 412060 and 40.
20
Calculate the greatest common divisor of 3715175 and 325.
25
What is the highest common divisor of 2358 and 3978994?
262
What is the greatest common divisor of 2561142 and 161214?
1662
What is the highest common divisor of 230 and 2022725?
5
What is the greatest common divisor of 9197 and 2675786?
541
Calculate the greatest common factor of 4852448 and 95456.
608
What is the greatest common divisor of 108996992 and 19840?
3968
What is the greatest common factor of 10097 and 36777?
23
What is the highest common divisor of 26880 and 143367168?
5376
Calculate the highest common divisor of 1164705 and 90.
15
Calculate the highest common factor of 3811 and 1117696.
37
Calculate the highest common divisor of 1372 and 17614422.
686
Calculate the highest common factor of 39 and 9699274.
13
What is the highest common divisor of 1989 and 65863304?
221
Calculate the highest common divisor of 9992411 and 1001.
143
Calculate the greatest common divisor of 197351425 and 775.
775
What is the highest common factor of 93625 and 32375?
875
Calculate the greatest common divisor of 164 and 128262104.
164
What is the highest common divisor of 414 and 1570371?
69
What is the highest common factor of 48301454 and 238?
34
What is the greatest common divisor of 1150218 and 738?
18
Calculate the greatest common factor of 1911 and 1718535.
273
Calculate the greatest common factor of 22743943 and 3604.
901
Calculate the highest common factor of 22818958 and 354.
118
What is the greatest common factor of 767 and 693063796?
59
What is the highest common divisor of 601428296 and 56?
56
Calculate the highest common factor of 23277 and 363.
3
Calculate the highest common divisor of 94456674 and 156.
78
Calculate the greatest common factor of 272 and 2132786.
34
Calculate the greatest common factor of 333 and 33298335.
333
Calculate the highest common divisor of 1107267 and 1617.
21
Calculate the greatest common factor of 94 and 4937070.
2
What is the greatest common factor of 7523530 and 6440?
1610
What is the greatest common factor of 169 and 954629?
13
What is the greatest common factor of 1352 and 60649?
1
Calculate the greatest common divisor of 70730 and 296.
2
Calculate the greatest common factor of 1003859 and 1627.
1627
Calculate the greatest common divisor of 38295 and 57236535.
1035
What is the highest common factor of 24 and 1892364?
12
What is the greatest common divisor of 360 and 8663160?
120
What is the highest common divisor of 64230 and 69?
3
Calculate the greatest common divisor of 10459700 and 60.
20
Calculate the greatest common divisor of 2759273 and 28897.
781
What is the greatest common divisor of 34358256 and 7632?
144
What is the greatest common divisor of 6112760 and 440?
40
What is the highest common divisor of 139854 and 62920?
286
Calculate the highest common divisor of 22 and 14887521.
11
What is the highest common factor of 26640 and 870120?
360
What is the highest common divisor of 4 and 3242900?
4
Calculate the greatest common divisor of 4525 and 12476330.
905
Calculate the greatest common factor of 3640 and 1358.
14
What is the greatest common divisor of 4516006 and 1035452?
5126
Calculate the highest common divisor of 225090 and 8118.
738
Calculate the highest common factor of 607 and 59921219.
607
Calculate the greatest common factor of 104 and 4233232.
8
What is the greatest common factor of 1265 and 14106070?
55
Calculate the highest common factor of 20787 and 3112473.
507
What is the highest common divisor of 937323 and 15?
3
Calculate the highest common divisor of 3539692 and 5356.
52
What is the highest common divisor of 7704 and 81610398?
1926
What is the highest common factor of 332339 and 681226?
1379
Calculate the greatest common divisor of 33835208 and 5037.
1679
Calculate the greatest common divisor of 109661385 and 12525.
2505
Calculate the greatest common divisor of 5 and 284671215.
5
What is the greatest common factor of 5720 and 186923?
11
What is the highest common factor of 12361 and 5814667?
263
What is the highest common factor of 228525727 and 25345?
5069
Calculate the greatest common divisor of 15736988 and 14208.
148
Calculate the highest common divisor of 13312328 and 2120.
424
What is the highest common factor of 3539352 and 232?
8
What is the highest common factor of 228 and 53484316?
76
What is the greatest common factor of 35 and 2790129230?
35
Calculate the highest common factor of 421 and 613397.
421
Calculate the highest common divisor of 11074 and 248148.
226
What is the highest common divisor of 789930 and 720?
90
What is the greatest common divisor of 1134 and 188003466?
126
Calculate the highest common factor of 17505 and 61095.
15
What is the greatest common divisor of 4998095 and 15?
5
Calculate the greatest common divisor of 3052 and 152092932.
436
What is the highest common divisor of 8 and 12887192?
8
Calculate the highest common factor of 3040 and 971456.
32
What is the greatest common factor of 13072627 and 47?
47
What is the highest common divisor of 6423150 and 850?
50
What is the greatest common divisor of 116654 and 228344?
2482
Calculate the greatest common factor of 9240 and 17675504.
616
What is the highest common factor of 3504 and 377986992?
3504
What is the highest common divisor of 25488 and 1770?
354
Calculate the greatest common divisor of 108 and 492081300.
36